he greatest common factor of y and 55?
11
Suppose -71 = -14*b + 13. Suppose -b*h + 118 = -464. What is the greatest common factor of 388 and h?
97
Suppose -95*h + 600 = -540. Suppose 6334 - 1450 = 11*g. Calculate the greatest common divisor of g and h.
12
Suppose 0 = 5*f, -4*i + 261 - 69 = -2*f. Suppose -c = 5*z + 303, -4*z - 98 = 3*c + 151. Let b = z + 132. What is the greatest common factor of i and b?
24
Suppose -5*f + 21 = -144. Suppose -2016 = -f*a - 15*a. What is the greatest common factor of 72 and a?
6
Let b(k) = k**3 - 5*k**2. Let z be b(7). Suppose 3*o - 340 - z = 0. Suppose 5*d + o = 626. Calculate the highest common factor of 12 and d.
12
Suppose 2*p - 5*i - 1780 = -2*p, 884 = 2*p - 4*i. What is the greatest common factor of 850 and p?
50
Let c = -6771 - -6787. What is the greatest common divisor of 480 and c?
16
Suppose -8*n - 4*v = -3*n + 6, -2*n + v = -8. Suppose -315 = -n*x + 273. Calculate the highest common divisor of 42 and x.
42
Suppose -3*d - 7 = -3*q + 2, 9 = 2*q - d. Suppose 21 = q*g + 3. Let h be (g/5)/((-5)/(-275)). Calculate the highest common divisor of 22 and h.
11
Suppose 2*h + 72 = 4*p, -173*p + 169*p + 5*h = -60. Let l = -70 + 130. What is the greatest common divisor of l and p?
20
Suppose 3*u + 4*w - 329 = 0, -4*u - 3*w - 2*w = -439. Suppose 0 = t + n - 182, -2*t - 79 = n - 446. Calculate the greatest common divisor of t and u.
37
Let i = -1066 + 1072. Let j be 0/(-2) + (7 - (-3 + -3)). Calculate the highest common factor of i and j.
1
Suppose 0*g = 74*g - 2590. Suppose -4*c + g - 3 = 0. Calculate the highest common factor of 648 and c.
8
Let l(z) = z + 20. Let k be (-28)/(-3) - (-10)/15. Let f be (-2 + 0)*k/4. Let n be l(f). What is the greatest common factor of 105 and n?
15
Suppose 2*x = -3*x + 1000. Let p = -122 + x. Suppose -5*n = 3*b + 30 - p, n - b - 16 = 0. Calculate the highest common divisor of 132 and n.
12
Let t = 25 - -15. Suppose -4*l - 1114 = -2*f, -4*f + 5*l + 1133 + 1110 = 0. Let s = -207 + f. What is the greatest common divisor of t and s?
40
Let p = -140 - -106. Let j = 175 - p. What is the greatest common divisor of j and 19?
19
Let z(f) = -584*f - 2902. Let d be z(-6). Calculate the greatest common factor of d and 140.
14
Let u(m) = m**3 - 24*m**2 + 32*m + 48. Let q be u(23). Let f be 2 + (q/(-1))/(-3). What is the highest common divisor of 29 and f?
29
Suppose -2*z + 5*t + 50 = 0, 0 = -5*z + 10*z - 2*t - 104. Suppose z*p = 11*p + 513. What is the highest common divisor of p and 741?
57
Let m = -663 + 787. Let w be -2*3/2 - (4 - m). Calculate the highest common divisor of w and 63.
9
Suppose 6*o - 562 = 4*w - 11658, -4*o + 5590 = 2*w. What is the highest common divisor of w and 484?
121
Let i be (4 - (3 - 2)) + 5. Let s(x) = -x**3 + 7*x**2 + 13*x - 10. Let h be s(i). Suppose h = j + 19. What is the highest common divisor of j and 33?
11
Let f = -57 + 102. Let u be 2/6*((-27)/9 + f). What is the greatest common factor of u and 35?
7
Suppose 0 = -115*a + 79*a + 28764. Calculate the greatest common factor of 17 and a.
17
Let j be (4800/(-70) - -68) + 0 + (-970)/(-7). Calculate the greatest common divisor of j and 7383.
69
Suppose -2*h - j = -1090, -4*h - 61*j = -58*j - 2184. What is the greatest common divisor of 3 and h?
3
Let k be ((-2)/6 - 0) + (-9858)/(-279). Let i be (3 + -5)/(6/(-105)). Calculate the greatest common divisor of k and i.
35
Let z(t) = -t**3 - 7*t**2 + 50*t + 803. Let r be z(-14). What is the greatest common divisor of 45 and r?
5
Let d = 7007 + -6884. Calculate the highest common factor of d and 21.
3
Let t(q) = 2*q**3 + 2*q**2 + 2*q - 4. Let r be t(1). Suppose -18*k - r = -16*k, -3*x = -4*k - 364. What is the highest common factor of 180 and x?
60
Let t be 0 - (5 - -2) - -7. Suppose -3*m + 3*x - 8*x + 226 = t, 3*x - 382 = -5*m. What is the highest common divisor of 11 and m?
11
Let t = 453 - 449. Let w be (272/(-24))/((-1)/3). Calculate the highest common factor of w and t.
2
Suppose -2*u = -4*l - 62, -2*l - 23 = 3*u - 108. Suppose -5 + u = 4*b. Let f be (b + -4)/(-2) + 52. Calculate the highest common factor of 17 and f.
17
Let g be (-1)/((-6)/8) - 3/9. Let h be g/((-18)/(-166)) + 4/(-18). Calculate the greatest common factor of h and 3.
3
Suppose g - 75 = -0*g - a, 65 = g - 4*a. Suppose -17*s + g = -12. Calculate the highest common factor of s and 40.
5
Let p = 447 - 327. Let n(c) = 5*c - 21. Suppose -8*q = -50 - 22. Let o be n(q). What is the greatest common factor of o and p?
24
Let m be 484224/780 + (2 - (-27)/(-15)). Calculate the highest common divisor of m and 648.
27
Suppose -127*i + 134*i - 182 = 0. Suppose 3*c - 33 = -r + 97, 2*r = c + 260. Calculate the greatest common factor of i and r.
26
Let k be 2/(-9) - (-58)/18. Suppose 3*s - 3*w = -4*w + 83, -114 = -4*s - k*w. Let v = s + -21. What is the greatest common factor of 4 and v?
2
Let c(b) = -b**3 + 19*b**2 - 17*b - 11. Let t be c(18). Let f be (t - 2 - 4) + -441. Let o be f/(-45) + 4/18. Calculate the highest common factor of 35 and o.
5
Suppose 2*r - 102*w = -97*w + 22875, 3*r - 34285 = 2*w. What is the highest common factor of r and 25?
25
Let k(m) = 26*m**2 - m + 51. Let h be k(6). Suppose -h - 1692 = -33*u. What is the highest common factor of 36 and u?
9
Let l(n) = -2*n**2 + 57. Let t be l(0). Let y(k) = 50*k - 1. Let u be y(-1). Let h = u + t. What is the greatest common factor of 3 and h?
3
Suppose -8*h - 9*h + 2*h + 170640 = 0. What is the highest common factor of 144 and h?
144
Let u(s) = s**3 + 17*s**2 - 920*s + 13. Let x be u(-40). What is the highest common divisor of 3679 and x?
13
Let o = 12058 - 8909. Calculate the highest common divisor of 94 and o.
47
Let s = -3233 - -3877. What is the greatest common factor of s and 112?
28
Suppose 0 = -261*o + 252*o + 9234. What is the highest common divisor of 190 and o?
38
Let v(m) = -318*m - 1060. Let h be v(-12). Calculate the highest common factor of h and 636.
212
Let p(t) = t**2 - 11*t + 24. Let x be p(8). Suppose x*o + 4*o - 28 = 0. Calculate the highest common divisor of 77 and o.
7
Let q = 5335 - 4672. What is the greatest common divisor of 187 and q?
17
Let t(v) = -v**3 + 11*v**2 - 32*v + 77. Let q be t(8). Calculate the greatest common divisor of q and 793.
13
Let m(g) = 157*g**3 - 3*g**2 + 5. Let r be m(1). Calculate the greatest common factor of r and 265.
53
Suppose -3*v = -6, -m - 5*v - 1622 = -5*m. Let w = m + -331. What is the highest common factor of w and 1232?
77
Suppose 24 - 22 = o. Let t(p) = -13*p. Let g be t(o). Let s = g + 82. Calculate the greatest common divisor of s and 7.
7
Suppose 4*v = -8, v = -5*b - 3*v + 117. Suppose 0 = -2*g + b - 61. Let m be ((-16)/(-6))/((-1)/g). Calculate the highest common factor of 6 and m.
6
Suppose 6*v = -49 - 5. Let w be 646/153 + 2/v. Suppose 3*t = -5*d + 97, -1 + 78 = w*d + 3*t. What is the highest common divisor of d and 4?
4
Let o(m) = -10*m**2 - 740*m + 25. Let h be o(-74). What is the highest common factor of h and 19?
1
Let m be ((-77084)/(-54))/7 + 80/1080. Calculate the greatest common factor of m and 1190.
34
Suppose -2*z = 4*g - 100, -143*z + 140*z + 2*g = -150. What is the greatest common divisor of z and 76?
2
Let p be (46693/(-106))/((-1)/8). Suppose -p = -7*c + 4372. What is the highest common factor of c and 47?
47
Let a(t) = -t - 2 + 2*t - 2*t**3 + 4 - 3*t**2 + 2. Let f be a(-2). Suppose b + y + 1 = 0, 4*y + 16 = 2*b - 6. Calculate the highest common factor of f and b.
3
Let l(w) = 6*w - 109. Let f be l(19). Suppose -k - f*u = -2, 4*k + 6*u - 5*u - 46 = 0. What is the greatest common factor of 15 and k?
3
Let k(w) = -736*w + 10365. Let v be k(14). Suppose 4*d + 4880 = 5*j, 5*j + 5*d - 3926 = 954. Calculate the greatest common factor of j and v.
61
Let y = 236 + -164. Suppose -2618 = -362*z + 355*z. Let a = -350 + z. What is the greatest common factor of a and y?
24
Let o(r) be the second derivative of 5*r**3/3 - 25*r**2/2 - 3*r - 6. Let h be o(3). What is the highest common divisor of 135 and h?
5
Let g = -11076 - -11408. What is the greatest common divisor of g and 52?
4
Let x = -41535 + 71229. Calculate the highest common factor of 294 and x.
294
Suppose 0 = 9*r + 316 + 2591. Let n = 327 + r. Calculate the highest common divisor of n and 58.
2
Suppose -46*u + 52*u = 90. Sup